ivided by (-512)/(-9) + 2/18.
56
Let i(y) = -y**3 - 4*y**2 + 4*y. Calculate the remainder when 5 + 2/(-2) + 1 is divided by i(-5).
0
Let m = 4826 + -3089. Calculate the remainder when m is divided by 22.
21
Suppose -5*v + x + 345 = 0, -x + 285 = -3*v + 7*v. Calculate the remainder when v is divided by 26.
18
Let o(z) = 74*z - 48. Calculate the remainder when o(7) is divided by 59.
57
Suppose -5*g = 5*y - 400, -3*g - 2 = -17. Let n = y - 37. Calculate the remainder when n is divided by 13.
12
Suppose 4*m - 2*w - 20 = 0, -15*m + 4*w = -19*m + 20. What is the remainder when 70 is divided by m?
0
Suppose 5*j - 123 = 2*j. Let z = -15 + j. Let c = 48 - z. Calculate the remainder when c is divided by 12.
10
Suppose 11*c = 7*c + x + 54, 0 = 5*c - 4*x - 62. Let k = 13 + 14. Calculate the remainder when k is divided by c.
13
Suppose -5*k + 1088 = -3*f - f, 3*k - 656 = 4*f. Suppose -2*d = 14 - k. Calculate the remainder when d is divided by 26.
23
Let x be 46/4 + 120/48. Suppose -24 = -l + 3*j + j, 2*l - j - 13 = 0. Calculate the remainder when 48 is divided by (-173)/(-7) + l/x.
23
Suppose 0 = 4*r - 2*m - 74, 3 + 11 = r + 4*m. Suppose 67*k - 20*k = 1504. Calculate the remainder when k is divided by r.
14
Let a be (-3)/(-1 - -10) + 2/(-3). What is the remainder when -2 + -3*a*17/3 is divided by 9?
6
Suppose -163 - 49 = -5*n - v, 0 = 4*n - 5*v - 187. Suppose 3*m = 4*w + n, -m = 4*m - 2*w - 53. What is the remainder when 61 is divided by m?
7
Let h = 48 + -171. Let s = h - -140. Calculate the remainder when s is divided by 6.
5
Let i(n) = 5*n**2 - 14*n + 17. Calculate the remainder when i(5) is divided by 25.
22
Let m(z) = -14*z + 20. Calculate the remainder when m(-11) is divided by 92.
82
Suppose 7*l - 30 = 4*l. What is the remainder when l is divided by (18/(-8))/(30/(-80))?
4
Let u(t) = 5*t**2 + 81*t - 47. Calculate the remainder when u(-19) is divided by 58.
45
Suppose 59*j = 64*j - 5*m - 20, 4*j - 21 = 3*m. What is the remainder when 15 is divided by j?
6
Let r(t) = -t**2 + 97*t - 434. Let o = 62 - 13. What is the remainder when o is divided by r(5)?
23
Let o = 57 + -12. Suppose 4*l - l - o = 0. Calculate the remainder when l is divided by 9.
6
Suppose 0 = -w - 3, 0 = 3*k + 8*w - 4*w + 6. Suppose k*r + 4 = 3*r. What is the remainder when 2288/440*5/2 is divided by r?
1
Let f(m) = m**3 - 4*m**2 - 9*m + 23. What is the remainder when f(6) is divided by 9?
5
Suppose -8*i + 49*i - 3157 = 0. Calculate the remainder when i is divided by 5.
2
Suppose 26*i = 17*i + 423. What is the remainder when i is divided by 12?
11
Let m(h) = -h**3 - 13*h**2 + 88*h - 15. Let d(f) = f. What is the remainder when m(-18) is divided by d(6)?
3
Suppose -8*z - 217 + 521 = 0. What is the remainder when 71 is divided by z?
33
Let k = 635 + -447. Calculate the remainder when k is divided by 62.
2
Let v(u) = 19*u - 35. Suppose -5*z - p + 201 = 0, 2*z = -0*p - 4*p + 84. What is the remainder when z is divided by v(3)?
18
Suppose -13 = -4*k - 117. Let j = k - -96. Calculate the remainder when j is divided by 24.
22
What is the remainder when (-24)/(-8)*20/12 is divided by 2?
1
Let j(k) = -24*k + 75. Suppose -3*o = -26 - 31. Calculate the remainder when j(1) is divided by o.
13
Let d be (0 - 34) + 11 + -10. Let o = d + 36. Calculate the remainder when 3 is divided by o.
0
Let n(o) = -o**3 + 8*o**2 + 3*o - 3. Let f be n(9). Let p = f + 61. What is the remainder when 38 is divided by p?
2
Let y(f) = 2*f**3 + 3*f**2 - 17*f + 20. Suppose -4*p + g = -60 - 99, -g = -5*p + 200. Calculate the remainder when p is divided by y(2).
13
Let t be 10/6 - (32/12)/(-8). Suppose -t*p + 62 = 5*w, 3*w - 81 + 6 = -3*p. What is the remainder when 80 is divided by p?
17
Let w(u) = -u**3 + 12*u**2 + 2*u + 3. Calculate the remainder when w(8) is divided by 91.
2
Suppose -4*y = y - 35. Suppose -4*n - 74 = -5*l, -1 = n + 3*l + 26. Let s = 33 + n. What is the remainder when s is divided by y?
5
Suppose 3*z + 142 = 5*z. Suppose -41*d - 19*d = -1140. What is the remainder when z is divided by d?
14
Let o = 2 + 1. Suppose -o*t - 12 = -78. Calculate the remainder when 62 is divided by t.
18
Let i(h) = 8*h**2 - 2*h + 3. Let k be i(1). Let l = 26 + k. Calculate the remainder when l is divided by 6.
5
Suppose 3*m - 117 + 63 = 0. Calculate the remainder when 34 is divided by m.
16
Let n be (-2)/(-2) + -1 + 13. Let s = -11 + n. Suppose -3*w + 5*w - 14 = s*y, -3*y = -4*w + 27. What is the remainder when w is divided by 4?
2
Let u(s) = 23*s**3 + s. Let h(j) = j**2 + 21*j + 26. Let p be h(-20). What is the remainder when u(1) is divided by (-10 + 4)*(-9)/p?
6
Let p(c) = -3*c - 33. Let o be (4 - 8/4 - 1)*-13. What is the remainder when 27 is divided by p(o)?
3
Let t(k) be the second derivative of -k**4/12 - 2*k**3 - 13*k**2/2 - 4*k - 1. Let v be (-1)/(-4) + 82/(-8). Calculate the remainder when 13 is divided by t(v).
6
Let c(t) = 8*t + 6. Let x be c(3). Suppose -4*p = p + x. Let o = p + 15. Calculate the remainder when 16 is divided by o.
7
Suppose -89 = -12*j + 55. Calculate the remainder when 46 is divided by j.
10
Let t = -1312 + 1424. Calculate the remainder when 220 is divided by t.
108
Let d(y) = 4*y**2 - 9*y - 32. Calculate the remainder when d(-4) is divided by 21.
5
Suppose -4 = 5*t + 1, -4*t = -n + 9. Suppose -95 = -n*a + 3*d, -a - 5*d + 27 = 8. What is the remainder when 322/9 - (-6)/27 is divided by a?
17
Let l(o) = o**3 - 18*o**2 + 22*o - 16. Suppose 0 = 3*y - 4*u - 71, y + 2*u = u + 12. What is the remainder when l(y) is divided by 12?
9
Suppose 4*t + 4*f = -f + 86, -5*t - f + 118 = 0. Let a be (-1)/(-2) + 1515/10. Suppose 5*b - a = 193. What is the remainder when b is divided by t?
21
Let m be (10/15)/((-1)/(-9)). Let k = 23 + -9. Calculate the remainder when (-273)/(-5) + m/15 is divided by k.
13
Suppose -3*j = -0*j - 12. Suppose -v = 5, -3*r - v - v - j = 0. What is the remainder when 71 is divided by (16/40)/(r/60)?
11
Suppose 4*w + 39 = -4*u + 7*w, 0 = 3*u - w + 28. Let s(r) = -r**2 - 14*r - 6. Calculate the remainder when s(u) is divided by 20.
19
Calculate the remainder when 554 is divided by 5 - (-21 + 2 - -9).
14
Suppose 4*f - 24 = -4*a, -3*a - 2*a - 6 = -4*f. Suppose 0*m - 3*m = -3*y + 78, 5*y - f*m = 134. Calculate the remainder when y is divided by 11.
8
Suppose 23*x - 27*x = 220. Let u = x - -72. What is the remainder when 66 is divided by u?
15
Let p(c) = c**2 + 2*c - 14. What is the remainder when 267 is divided by p(-8)?
29
Let u(i) = i**2 + 11*i - 14. What is the remainder when u(7) is divided by 38?
36
Suppose 4*m - 48 = 5*i, 2*i = -5*m - 0*i + 60. Suppose 0 = 4*n + m, g + 4*g + n = 82. Calculate the remainder when 49 is divided by g.
15
Let t = -13 + 21. What is the remainder when 50 + (t - 4 - 1) is divided by 14?
11
Suppose 53*x - 1927 = 6765. What is the remainder when x is divided by 58?
48
Let s(l) = 3*l - 54. Let g(b) = 35*b**3. What is the remainder when g(1) is divided by s(24)?
17
Let g(v) = 2*v**2 - 12*v + 25. What is the remainder when 47 is divided by g(6)?
22
Let u = -21 - -82. Let p = 1 + 8. Calculate the remainder when u is divided by (21/p + 3)*3.
13
Suppose -15 = -3*u + v + 11, -4*u = v - 44. Let h(l) = -l**3 + 7*l**2 - 3*l + 7. What is the remainder when h(6) is divided by u?
5
Let s(x) be the first derivative of 2*x**2 - 19*x - 19. Suppose -40 = -5*u - 0. What is the remainder when u is divided by s(6)?
3
Suppose -2*q - 5 + 1 = -2*p, q - 7 = -2*p. Suppose -m + 3*m = -z + 9, -z + 4*m - p = 0. Let g = 16 - 8. Calculate the remainder when g is divided by z.
3
Suppose 3*a - 2*f - 14 = -2*a, 0 = 5*a + 5*f. Let l be (-5)/a*74/(-5). Let b = l - 22. What is the remainder when b is divided by 4?
3
What is the remainder when (-17316)/(-351)*3*(-2)/(-4) is divided by 15?
14
Let p(i) = 31*i - 2. Let t be p(3). Suppose -4*o + 13 + t = 0. What is the remainder when o is divided by 4 + 2*25/10?
8
Let z = 71 - 50. What is the remainder when 114 is divided by z?
9
Let o = 147 + 58. Calculate the remainder when o is divided by 26.
23
Let d = 7 - 0. Let u = -529 - -549. Calculate the remainder when u is divided by d.
6
What is the remainder when ((-2976)/(-27))/8 - (-8)/36 is divided by 9?
5
Suppose 121 + 68 = -7*f. Suppose -54 = -5*w + 41. Calculate the remainder when 976/18 - (-6)/f i